et d = a - 182. Calculate the greatest common factor of 19 and d.
19
Let l(w) = -12*w**3 - w**2 - w. Suppose -5*x = -5*h, 0*x - h + 12 = 3*x. Suppose -1 + x = -2*a. Let d be l(a). What is the greatest common factor of d and 30?
6
Let n(u) = -u**3 - 12*u**2 - 35*u - 94. Let z be n(-10). Suppose 23 = 5*b - 4*g, -3*b = -2*g - 2*g - 9. Calculate the greatest common factor of b and z.
7
Suppose -4*v = -7*v + 180. Suppose -2*x = -2*h + 6 + 6, -5*x = 5*h - 30. What is the greatest common divisor of v and h?
6
Suppose w - 16 = -6. Suppose 8*q = 10*q - 40. Calculate the greatest common factor of w and q.
10
Suppose -1 = 4*d - v - 0, d - 5*v + 5 = 0. Suppose 2*m - 7*m + 5 = d. Suppose m + 20 = 3*s. What is the greatest common factor of 14 and s?
7
Let b(h) = 15*h + 384. Let s be b(-22). Calculate the greatest common factor of s and 513.
27
Let r(f) = f**3 + 9*f**2 - 11*f - 94. Let j be r(-6). What is the greatest common factor of j and 32?
16
Let b = -18 - -20. What is the greatest common factor of b and 86?
2
Let u(k) = 16*k + 4. Let l be u(7). Suppose -244 = -5*o + l. Suppose 3*y - 6*w - 52 = -w, 3*w + 42 = 3*y. What is the greatest common divisor of y and o?
9
Suppose -3*h - 18 = -5*h. Suppose h*g = 10*g - 19. Let p(c) = 10*c**2 - 3*c - 1. Let i be p(-4). Calculate the highest common divisor of g and i.
19
Let v(o) = o**2 + 3*o + 362. Let c be v(-46). What is the greatest common divisor of 72 and c?
36
Suppose 30 = -0*t + 5*t. Let p be 4*(69/t + 3). Suppose 5*c + b = 985, -2*b + p - 662 = -3*c. Calculate the greatest common divisor of c and 18.
18
Suppose -3419 = -4*v - 2*y + 631, 1011 = v + y. What is the highest common factor of 78 and v?
78
Suppose 4*h + 293 = 5*s, 0 = -3*s - s + h + 230. Let i(w) = w**3 + 7*w**2 + 5*w + 13. Let c be i(-5). Calculate the highest common divisor of c and s.
19
Suppose 2*j = -4*t + 248, 0 = 4*t - 3*t + 2*j - 68. Let l = t - 20. Calculate the highest common factor of l and 8.
8
Suppose 0 = 4*a - 9 + 1. Let d be ((-30)/20)/((-1)/a). Suppose -d*c + 32 = c. Calculate the greatest common factor of 12 and c.
4
Let l(b) = -29*b - 73. Let n be l(-5). What is the greatest common factor of 48 and n?
24
Let m(s) = -260*s + 8. Let q be m(-4). Let w be (-4)/(-14) - q/(-56). What is the greatest common divisor of w and 57?
19
Let q = -3 + 10. Suppose 0 = 2*u - 24 - 18. What is the highest common factor of u and q?
7
Suppose 0 = 3*x - x + b - 13, -4*b + 20 = 4*x. Let w be 1/(3 + x/(-3)) + -1. What is the greatest common factor of w and 8?
2
Suppose -5*w + 16 = -w. Calculate the highest common factor of w and 256.
4
Let v = 2798 - 1852. Calculate the greatest common factor of 11 and v.
11
Let f be (-840)/(-224) + (-2)/(-8). What is the greatest common factor of f and 12?
4
Let v = 221 - 193. What is the highest common factor of v and 308?
28
Let k be -1 - (-32)/4 - 0. Let j be (-2)/(-8) - 7/(-4). Let r be (2/j)/((-7)/(-245)). Calculate the highest common factor of r and k.
7
Let c(t) = 3*t**2 + 12*t - 4. Let v(l) = -2*l**2 - 11*l + 3. Let j(q) = -3*c(q) - 4*v(q). Let u be j(2). Calculate the greatest common factor of 30 and u.
6
Suppose -5*c = -2*c - 6. Suppose -5*l + c*h = h - 704, 0 = -5*l - h + 696. What is the greatest common divisor of l and 56?
28
Let j(z) = -5*z - 2. Suppose -2*h = 0, 2*p + 6 = 2*h - 2. Let w be j(p). What is the greatest common factor of 72 and w?
18
Let v be 48 + 1*(-7 - -5). Let l = -43 + v. Calculate the highest common factor of l and 2.
1
Suppose 35 = 9*n - 1117. Calculate the highest common factor of n and 96.
32
Suppose 0 = -17*p + 4*p + 78. Let q = 27 - 38. Let n be (-6)/(-33) + (-31)/q. Calculate the greatest common divisor of p and n.
3
Suppose 3*a = 3*j - j - 103, 4*j - 171 = -a. Let p = 2260 + -2256. Calculate the greatest common divisor of p and j.
4
Let v(s) = -11 - 11 - 13*s + 7 + s**2 - 7. Let d be v(15). What is the highest common factor of 24 and d?
8
Suppose 0 = 5*k + 3*m - 103, -k + 6 = -2*m - 25. What is the highest common divisor of k and 1?
1
Let f(u) = u - 7 - 4 + 5 - 12. Let b be f(0). Let m = b + 20. Calculate the greatest common divisor of m and 18.
2
Let z(u) = 2*u**3 + 22*u**2 - 4*u - 38. Let l be z(-11). Let k = 39 - -15. What is the greatest common factor of l and k?
6
Suppose -5*k - 8*k + 468 = 0. What is the highest common factor of k and 261?
9
Let a be (-8)/3*(-2538)/376. What is the greatest common divisor of 234 and a?
18
Suppose -6*h + 5*h = 26. Let p = h + 74. Suppose -2*w = -30 + 6. Calculate the highest common divisor of w and p.
12
Suppose f + 3*c = 12, c = f + 3*c - 17. Let l = 319 + -103. What is the highest common factor of f and l?
27
Let w = 274 - 182. Let u = -21 - -44. Calculate the highest common divisor of w and u.
23
Suppose -3*y = 3*s + 18 - 54, -5*s - 24 = -2*y. Suppose 0 = -5*h + 20, -8*l - 5*h = -6*l - 188. Calculate the greatest common factor of y and l.
12
Suppose 51 - 52 = -4*n + 3*o, -4*o = 4*n - 8. Suppose 5*m + 2 = 7. Suppose 5*s - m = 4*d, 2*d - 1 - 5 = -4*s. What is the highest common divisor of s and n?
1
Let f be 23/(0 + (-3 - -4)). Suppose -3*n - g = g - 69, 4*g - 23 = -n. What is the highest common divisor of f and n?
23
Let d(n) = 62*n - 2. Let c be d(-1). Let i = 69 + c. Calculate the greatest common divisor of 10 and i.
5
Let v(y) = -2*y**2 - 9*y. Let u be v(5). Let g = -87 - u. What is the highest common factor of 96 and g?
8
Let i = -17 + 45. Suppose 0*v = 16*v - 112. What is the highest common divisor of i and v?
7
Let r(n) = n**3 - 6*n**2 - 8*n - 35. Let d be r(8). Calculate the greatest common divisor of 145 and d.
29
Let m(k) = -k. Let c(s) = 2*s - 11. Let g(b) = -c(b) - m(b). Suppose -9*t - 32 = 49. Let d be g(t). Calculate the highest common factor of d and 30.
10
Suppose 0 = -15*p + 239 - 44. Suppose 0 = 5*k - 215 - 60. Let u = k - 29. Calculate the highest common divisor of u and p.
13
Let c = 32 + -68. Let k be (c/15)/((-2)/10). Suppose -4*f + 3*w = -20, 0 = -10*w + 7*w + 12. Calculate the highest common factor of k and f.
4
Let v = 222 - 184. Calculate the greatest common divisor of 2 and v.
2
Suppose 0 = -17*m + 5*m + 96. Let h be ((-6)/m)/((-9)/24) + 118. Calculate the highest common divisor of h and 48.
24
Let g = 101 + -80. Calculate the highest common factor of g and 189.
21
Let c(i) = 14*i + 30. Let s(w) = -w - 1. Let p(n) = -c(n) - 12*s(n). Let a be p(-19). What is the greatest common factor of a and 140?
20
Suppose -27*w + 16920 = 6147. Calculate the greatest common divisor of 42 and w.
21
Let v be (58/(-3))/(290/75 + -4). What is the greatest common factor of 290 and v?
145
Let o be (12/(-12))/((-2)/38). Let w = o - 10. Let h be 112 + (-6)/w*3. What is the greatest common divisor of 11 and h?
11
Let k(d) = -2*d**3 - 5*d**2 + 5*d + 7. Let l be k(-5). Let o = -106 + l. What is the greatest common divisor of 11 and o?
1
Let t = -22 - -35. Let s = t + -14. Let k be -4 + 19 + s + 0. What is the highest common factor of k and 14?
14
Suppose r + 231 = -199. Let i = -134 - r. What is the highest common factor of 37 and i?
37
Suppose -g - 34 = -37, 4*y - 2*g - 3714 = 0. What is the highest common factor of 30 and y?
30
Let b = -10 - -37. Let o = -15 + b. Let k be 1/3 + 212/o. Calculate the highest common divisor of k and 6.
6
Let z be (1 + -17)/((-1)/2). Let k = -1003 + 1011. What is the highest common factor of k and z?
8
Suppose 2*u - 95 = -23. Let o = u - -38. Suppose -m - o = -2*d, 3*d - 137 = -0*m - 5*m. What is the highest common divisor of d and 26?
13
Suppose q + 554 - 1337 = 0. Calculate the greatest common factor of q and 29.
29
Let b be ((-38120)/34)/(-10) - (-6)/(-51). Let o(d) = 16*d**2 - d - 1. Let v be o(-1). Calculate the greatest common divisor of b and v.
16
Let b be (-19)/2*(4 + -10). Suppose 2*u = 3*x + 1020, -2*x = -5*u + 2023 + 538. Calculate the greatest common factor of b and u.
57
Let s = -770 - -854. Calculate the greatest common divisor of s and 12.
12
Suppose 4*f = -241 - 179. Let d be (f + -3)/(6/(-32)). Suppose 6*w - 3*w - d = 0. Calculate the greatest common factor of 24 and w.
24
Suppose -4*g + 2*z + 0 = -12, 5*g + z - 1 = 0. Let c = -39 + 73. Let m = c - 27. Calculate the greatest common factor of g and m.
1
Suppose 4*r - 5 = 3*r. Suppose k + 3 = r. Let g(l) = 6*l**2. Let f be g(k). What is